*2 + 123*w + 10. What is g(1)?
300
Let t(u) = -2183*u + 19643. Calculate t(9).
-4
Let s(g) = -68*g - 10394. What is s(-149)?
-262
Let m(w) = -40*w**2 + 17047*w + 34097. What is m(-2)?
-157
Let b(f) = 18*f**3 - f**2 - 339*f - 1714. What is b(-6)?
-3604
Let v(w) = 362*w**3 - 2896*w**2 + 10*w + 4. Give v(8).
84
Let i(t) = -753*t**2 + 10535*t + 102. Calculate i(14).
4
Let a(d) = -d**3 + 12*d**2 - 39*d + 2106. Calculate a(17).
-2
Let v(n) = n**3 + 96*n**2 + 531*n - 52. Calculate v(-90).
758
Let i(z) = -13*z**2 - 47*z + 2. Give i(-2).
44
Let v(u) = -u**3 - 54*u**2 - 161*u + 205. What is v(-51)?
613
Let o(c) = -c**3 - 9*c**2 + 2*c - 1. Calculate o(-12).
407
Let t(g) = -61*g - 18534. Calculate t(-252).
-3162
Let y(j) = 2*j**3 + 435*j**2 - 3377*j - 444. Determine y(-225).
6
Let a(s) = 786*s + 18069. Give a(-23).
-9
Let d(l) = -33819*l + 202892. Give d(6).
-22
Let x(g) = -g**2 - 500*g - 4463. What is x(-9)?
-44
Let w(j) = -16419*j - 32840. What is w(-2)?
-2
Let w(r) = -15*r**3 + 1048*r**2 + 136*r + 21. Give w(70).
-259
Let m(f) = -f**3 - 34*f**2 + 1696*f + 2946. Calculate m(-61).
-43
Let s(y) = 68821*y - 9222013. What is s(134)?
1
Let d(f) = -143601*f - 143631. Determine d(-1).
-30
Let n(i) = -251*i - 6233. Calculate n(-25).
42
Let k(r) = 27*r**3 - 5005*r**2 + 1854*r - 761. Calculate k(185).
-21
Let d(n) = 2506*n**2 - 12551*n + 55. What is d(5)?
-50
Let c(l) = 2*l**3 - 18*l**2 - 17280*l + 155531. Determine c(9).
11
Let a(p) = 5*p**2 + 558*p - 3854. What is a(7)?
297
Let v(a) = -9280*a - 296949. What is v(-32)?
11
Let a(g) = 11*g**2 - 6026*g + 4891. Give a(547).
-32
Let c(k) = -k**2 + 137*k - 3975. What is c(63)?
687
Let o(b) = -b**3 + 60*b**2 + 381*b - 7983. Determine o(64).
17
Let t(g) = 2*g**2 - 62*g - 59739. Calculate t(-158).
-15
Let x(k) = -27*k**2 - 14295*k + 145639. What is x(10)?
-11
Let z(b) = 2*b**2 + 305*b - 22209. Determine z(-210).
1941
Let l(g) = -45182*g + 587348. Determine l(13).
-18
Let u(l) = 54*l**2 + 14*l - 12. Calculate u(1).
56
Let l(c) = -c**2 + 846*c - 37526. Calculate l(47).
27
Let a(g) = -g**3 - 17*g**2 + 844*g + 13206. Calculate a(-15).
96
Let q(n) = -2*n**3 + 143*n**2 + 2295*n + 308. What is q(85)?
308
Let g(z) = -z**2 - 44529*z + 579043. Give g(13).
-3
Let d(q) = 5*q**2 - 366*q - 39924. Give d(-60).
36
Let h(j) = -j**2 - 437*j + 28020. Give h(62).
-2918
Let u(z) = -z**2 - 567*z - 54411. Determine u(-122).
-121
Let x(y) = -59*y**2 + 1533*y + 19. Give x(26).
-7
Let n(j) = 127*j - 1364. Give n(9).
-221
Let t(x) = x**2 + 170*x + 7380. Give t(-58).
884
Let y(a) = -12345*a - 1876470. Give y(-152).
-30
Let y(d) = 2*d**3 - 11*d**2 - 39*d + 238. Give y(14).
3024
Let q(g) = -5*g**3 - 249*g**2 - 375*g - 34734. Give q(-51).
-3
Let g(n) = -12*n - 2177. Give g(-178).
-41
Let f(n) = -534409*n + 6947295. What is f(13)?
-22
Let y(d) = -40*d**2 + 834*d - 4157. Give y(5).
-987
Let s(n) = -7*n**3 - 3193*n**2 - 28580*n + 12514. Determine s(-447).
-2
Let j(m) = m**3 + 23*m**2 - 439*m + 222. Give j(12).
-6
Let t(r) = 11096*r + 221916. Determine t(-20).
-4
Let c(q) = 7*q**2 + 544*q - 125. What is c(-77)?
-510
Let m(w) = w**2 - 889*w - 15381. What is m(-17)?
21
Let x(m) = -2*m**2 + 530*m - 12449. Give x(26).
-21
Let f(k) = 32*k - 2020. Determine f(69).
188
Let a(t) = -2*t**3 - 33*t**2 + 6171*t + 104618. Determine a(-17).
0
Let p(z) = -83378*z + 583639. Determine p(7).
-7
Let g(o) = o**2 + 496*o - 8191. Calculate g(16).
1
Let j(r) = r**3 + 19*r**2 - 43*r - 177. Give j(-20).
283
Let d(a) = 7*a**3 + 832*a**2 - 123*a - 1238. Give d(-119).
-762
Let a(h) = h**2 - 11466. What is a(107)?
-17
Let h(u) = 4*u**2 + 672*u + 415. Calculate h(-167).
-253
Let m(q) = 2872*q + 94667. Calculate m(-33).
-109
Let v(k) = -2*k**3 + 142*k**2 + 159*k - 1187. Calculate v(72).
-107
Let n(l) = -76*l + 955. Determine n(0).
955
Let z(m) = -1693*m + 20807. Give z(12).
491
Let d(u) = 23*u**2 - 7489*u + 4569. What is d(325)?
19
Let d(q) = 17*q**2 + 2833*q + 1760. Give d(-166).
-66
Let o(d) = 933*d + 7902. Give o(-9).
-495
Let h(m) = -m**3 - 23*m**2 + 157*m + 2051. Give h(-26).
-3
Let a(w) = 731*w**3 - 4*w**2 - 2*w + 6. Calculate a(1).
731
Let c(r) = -146*r - 5470. Determine c(-38).
78
Let a(o) = o**2 - 35255*o + 105750. Give a(3).
-6
Let w(o) = -2*o**2 + 341*o - 10874. What is w(128)?
6
Let g(v) = -358*v**2 - 136*v - 442. Give g(-3).
-3256
Let q(p) = -2*p**2 - 345. Determine q(13).
-683
Let g(j) = -j**3 - 48*j**2 - 438*j + 100. What is g(-10)?
680
Let l(a) = 28713*a + 2096055. Calculate l(-73).
6
Let y(r) = -4*r**2 + 113*r - 751. Give y(19).
-48
Let r(p) = p**3 + 1578*p**2 + 261317*p - 562. Determine r(-188).
2
Let a(i) = 3*i**3 + 18*i**2 - 125*i + 522. Calculate a(4).
502
Let q(b) = 68*b - 2355. Calculate q(57).
1521
Let n(o) = o**3 - 292*o**2 + 261*o + 7041. Determine n(291).
-1689
Let r(l) = -1139*l + 28987. Give r(25).
512
Let c(v) = 4*v**3 + 19*v**2 - 198*v - 15. Give c(-10).
-135
Let k(u) = 40*u**2 - 217*u + 216. Determine k(1).
39
Let g(u) = 8*u**3 - u**2 + 54*u - 137. Give g(6).
1879
Let d(s) = -3*s**3 - 148*s**2 + 6354*s - 4624. Give d(27).
-7
Let a(t) = -2*t**2 + 326*t - 11106. Determine a(48).
-66
Let n(q) = -7501*q - 22578. Give n(-3).
-75
Let k(j) = j**3 - 94*j**2 + 1147*j - 7621. What is k(81)?
-7
Let k(x) = 2*x**2 - 1536*x + 63748. Calculate k(44).
36
Let w(d) = -5062*d + 572012. What is w(113)?
6
Let c(f) = -2*f**2 + 1682*f - 25243. Give c(15).
-463
Let d(f) = 2*f**2 - 117*f - 37710. Give d(-111).
-81
Let k(j) = j**3 - 321*j**2 - 1013*j + 13097. Calculate k(324).
-187
Let c(u) = 7683*u**2 + 945012*u + 378. Determine c(-123).
9
Let v(w) = -47*w**3 + 377*w**2 - 139*w + 1043. What is v(8)?
-5
Let r(m) = 376*m + 16555. Give r(-43).
387
Let q(p) = -128505*p + 2570074. Give q(20).
-26
Let l(d) = -211*d - 18101. What is l(-87)?
256
Let c(h) = -159*h + 13683. What is c(85)?
168
Let m(v) = -189614*v + 189622. Determine m(1).
8
Let d(q) = -59414*q - 356477. What is d(-6)?
7
Let y(p) = p**2 - 82*p + 1690. What is y(43)?
13
Let v(n) = -3460*n - 726. What is v(0)?
-726
Let r(o) = 109276*o + 6556548. What is r(-60)?
-12
Let v(o) = 107*o**3 - 169*o**2 - 18*o + 44. What is v(2)?
188
Let a(f) = -2*f**3 + 290*f**2 - 566*f - 866. Calculate a(143).
-8
Let v(x) = 117757*x + 1413083. Give v(-12).
-1
Let r(q) = 8*q**2 + 461*q - 3322. Calculate r(-64).
-58
Let b(c) = -c**3 - 63*c**2 - 713*c + 174. What is b(-48)?
-162
Let x(v) = -7619*v - 30474. What is x(-4)?
2
Let x(p) = -p**2 - 191*p - 7777. Determine x(-132).
11
Let j(v) = -12*v**3 + 7*v**2 + 19*v - 7. Give j(3).
-211
Let g(q) = 42*q**2 - 2148*q - 2192. Give g(-1).
-2
Let z(a) = a**2 + 76*a - 137. Give z(-101).
2388
Let x(o) = 9*o**2 + 159*o - 2428. Determine x(-27).
-160
Let a(p) = 112*p**2 + 1272*p + 33. Calculate a(-13).
2425
Let j(y) = 1396*y + 30714. Give j(-22).
2
Let h(r) = -194*r - 1721. Give h(-8).
-169
Let q(x) = -720*x + 18805. Calculate q(26).
85
Let w(p) = p**3 + 16*p**2 - 5*p - 115. Determine w(-6).
275
Let q(n) = -2005*n - 29998. What is q(-15)?
77
Let g(k) = -k**3 + 9829*k**2 + 852690*k - 5. What is g(-86)?
-5
Let g(m) = m**3 + 71*m**2 + 587*m - 35. Give g(-10).
195
Let d(l) = -l**3 - 2*l**2 - 47*l + 207. Calculate d(6).
-363
Let z(p) = p**2 + 751*p + 70230. What is z(-110)?
-280
Let o(t) = -54*t**3 + t**2 + 287*t + 572. Calculate o(-2).
434
Let f(m) = -2489*m - 10429. What is f(-5)?
2016
Let l(a) = -9*a - 1471. Determine l(-99).
-580
Let f(u) = 8*u**2 + 143*u - 34. Determine f(-14).
-468
Let d(x) = -2*x**3 - 12*x**2 + 35*x + 168. Give d(-4).
-36
Let s(m) = 422055*m + 2532326. Give s(-6).
-4
Let f(x) = 292*x**2 + 402139*x + 75734. What is f(-1377)?
-1
Let j(a) = 142*a + 14391. What is j(-100)?
191
Let w(j) = j**3 - 277*j**2 + 17925*j - 345. Give w(103).
-36
Let w(s) = -118*s**2 - 1874*s + 113. Calculate w(-16).
-111
Let j(y) = 2*y**2 + 847*y + 89314. Give j(-198).
16
Let b(h) = -h**3 + 109*h**2 + 585*h - 1461. What is b(114)?
249
Let b(j) = -j**3 + 194*j**2 - 211*j + 3459. Calculate b(193).
-15
Let f(z) = 50*z**2 + 11*z + 176. What is f(0)?
176
Let s(i) = -5*i**2 - 295*i - 3822. Calculate s(-13).
-832
Let q(c) = -c**3 + 276*c**2 + 543*c + 410. Give q(278).
-3204
Let i(u) = 4*u**2 - 123*u + 389. Give i(7).
-276
Let y(g) = 15*g**2 + 268*g - 121. Calculate y(-19).
202
Let u(i) = -176202*i + 2643029. Determine u(15).
-